 divide 18325?
True
Is 146116 a multiple of 2?
True
Does 237 divide 273498?
True
Is 136 a factor of 164968?
True
Is 8 a factor of 812363?
False
Is 13 a factor of 75303?
False
Does 583 divide 3354582?
True
Does 48 divide 187393?
False
Does 14 divide 107895?
False
Is 3 a factor of 1279731?
True
Is 118 a factor of 408988?
True
Is 31662 a multiple of 14?
False
Is 47 a factor of 87420?
True
Is 4855509 a multiple of 20?
False
Does 6 divide 107094?
True
Is 8424525 a multiple of 25?
True
Is 315763 a multiple of 319?
False
Is 3245994 a multiple of 27?
True
Is 383248 a multiple of 8?
True
Is 79640 a multiple of 44?
True
Is 1000 a factor of 3791893?
False
Does 69 divide 354177?
True
Is 9106097 a multiple of 847?
True
Does 23 divide 19968?
False
Does 7 divide 4214?
True
Does 10 divide 20030?
True
Is 70 a factor of 13641546?
False
Is 351374 a multiple of 5?
False
Does 63 divide 73251?
False
Is 2390263 a multiple of 1268?
False
Does 24 divide 135888?
True
Does 315 divide 23926?
False
Is 136192 a multiple of 133?
True
Is 838050 a multiple of 191?
False
Is 344160 a multiple of 96?
True
Is 20180752 a multiple of 976?
True
Is 3774095 a multiple of 13?
True
Is 433835 a multiple of 312?
False
Is 6196831 a multiple of 577?
False
Is 1340 a factor of 1268850?
False
Is 4452348 a multiple of 1535?
False
Does 50 divide 36854?
False
Is 132597 a multiple of 109?
False
Does 2 divide 841884?
True
Is 81 a factor of 261630?
True
Is 324 a factor of 153635?
False
Is 5 a factor of 5865?
True
Is 36 a factor of 348876?
True
Is 389 a factor of 199182?
False
Is 1984280 a multiple of 205?
False
Is 2261644 a multiple of 308?
True
Does 160 divide 10772960?
True
Does 35 divide 7659295?
True
Is 5173253 a multiple of 47?
False
Is 224450 a multiple of 8?
False
Is 48 a factor of 5322000?
True
Is 134 a factor of 6492983?
False
Is 100128 a multiple of 96?
True
Does 7 divide 39432?
False
Does 3 divide 144676?
False
Is 19 a factor of 93233?
True
Is 32 a factor of 77705?
False
Is 6022577 a multiple of 11?
True
Is 6 a factor of 1251594?
True
Is 1224 a factor of 5746680?
True
Is 20 a factor of 772464?
False
Does 562 divide 700814?
True
Is 36850 a multiple of 50?
True
Is 11376349 a multiple of 508?
False
Is 565722 a multiple of 22?
False
Does 104 divide 268973?
False
Is 20 a factor of 11901460?
True
Is 159 a factor of 767212?
False
Is 1692110 a multiple of 2102?
True
Does 19 divide 1163712?
True
Is 33 a factor of 783981?
True
Is 5031143 a multiple of 47?
False
Does 41 divide 53751?
True
Does 22 divide 207708?
False
Is 446015 a multiple of 278?
False
Is 1498 a factor of 27586496?
False
Is 70 a factor of 14350?
True
Does 76 divide 3330472?
True
Is 102 a factor of 24487?
False
Is 474772 a multiple of 478?
False
Is 9 a factor of 3439813?
False
Is 279 a factor of 954180?
True
Does 208 divide 2771830?
False
Is 206 a factor of 52720?
False
Is 502233 a multiple of 18?
False
Is 12250635 a multiple of 77?
False
Is 5784044 a multiple of 502?
True
Is 21925104 a multiple of 272?
True
Is 1363626 a multiple of 11?
True
Is 391 a factor of 19995?
False
Is 1647505 a multiple of 623?
False
Is 2088314 a multiple of 22?
False
Does 39 divide 1918178?
False
Is 11192146 a multiple of 73?
False
Is 9 a factor of 18618?
False
Is 19 a factor of 3464783?
True
Is 57 a factor of 12726504?
True
Is 1057 a factor of 121555?
True
Is 316 a factor of 279344?
True
Is 4 a factor of 743608?
True
Is 546967 a multiple of 10?
False
Is 211803 a multiple of 367?
False
Is 42 a factor of 1344?
True
Does 20 divide 944764?
False
Is 162829 even?
False
Does 57 divide 212724?
True
Does 171 divide 1310544?
True
Is 16980 a multiple of 6?
True
Is 483780 a multiple of 20?
True
Is 486503 a multiple of 2?
False
Is 7080024 a multiple of 518?
True
Is 420 a factor of 461160?
True
Is 1460 a factor of 12814240?
False
Is 12702162 a multiple of 22?
True
Is 11 a factor of 107272?
True
Is 36 a factor of 253745?
False
Is 3912381 a multiple of 782?
False
Is 39 a factor of 26979?
False
Does 242 divide 17632604?
True
Is 138 a factor of 3398422?
False
Does 9 divide 91448?
False
Is 25 a factor of 44077?
False
Does 239 divide 136708?
True
Does 314 divide 2337709?
False
Is 25 a factor of 2263025?
True
Is 46 a factor of 249366?
True
Is 242496 a multiple of 64?
True
Is 846872 a multiple of 136?
True
Does 176 divide 946176?
True
Does 5 divide 3370?
True
Is 53577 a multiple of 3?
True
Does 110 divide 62381?
False
Is 214424 a multiple of 28?
True
Is 399588 a multiple of 10?
False
Is 3234784 a multiple of 14?
True
Is 43 a factor of 324779?
True
Does 5 divide 110680?
True
Is 10777740 a multiple of 1578?
True
Does 177 divide 1597765?
False
Is 21 a factor of 970368?
True
Does 312 divide 58554?
False
Is 2 a factor of 25932?
True
Is 171627 a multiple of 17?
False
Is 44 a factor of 158979?
False
Is 630271 a multiple of 1108?
False
Is 4033998 a multiple of 18?
True
Is 365 a factor of 1147325?
False
Is 66672 a multiple of 8?
True
Is 39 a factor of 109638?
False
Is 41664 a multiple of 62?
True
Does 2 divide 63907?
False
Does 278 divide 1212814?
False
Is 4 a factor of 1509605?
False
Does 5 divide 214480?
True
Is 336024 a multiple of 52?
True
Is 429956 a multiple of 40?
False
Is 14247669 a multiple of 63?
False
Does 251 divide 14563020?
True
Is 37 a factor of 2107705?
True
Is 52846 a multiple of 3?
False
Does 13 divide 676481?
True
Is 46 a factor of 85019?
False
Is 3299950 a multiple of 15?
False
Is 323 a factor of 254447?
False
Does 7 divide 4472?
False
Is 21 a factor of 5061?
True
Is 2459574 a multiple of 914?
True
Does 8 divide 343573?
False
Does 342 divide 235638?
True
Is 28 a factor of 59472?
True
Does 12 divide 15660?
True
Does 41 divide 3987578?
True
Is 9 a factor of 765141?
False
Does 139 divide 132334?
False
Does 43 divide 1445187?
True
Is 274065 a multiple of 33?
True
Is 5 a factor of 129646?
False
Does 14 divide 67690?
True
Does 5 divide 13649?
False
Does 13 divide 701978?
False
Does 282 divide 1073813?
False
Does 97 divide 5532783?
True
Does 9 divide 759627?
True
Is 86431 a multiple of 35?
False
Does 492 divide 6659712?
True
Is 414 a factor of 2699280?
True
Is 16215663 a multiple of 462?
False
Does 11 divide 29621868?
False
Is 2292760 a multiple of 620?
True
Is 3829759 a multiple of 1007?
False
Is 4872 a multiple of 50?
False
Is 14462924 a multiple of 56?
False
Is 69 a factor of 513498?
True
Does 3 divide 195877?
False
Does 1420 divide 7836980?
True
Is 354140 a multiple of 20?
True
Is 191269 a multiple of 57?
False
Is 3881344 a multiple of 12?
False
Is 141325 a multiple of 4?
False
Is 366618 a multiple of 86?
True
Does 177 divide 11306406?
True
Is 7457 a multiple of 10?
False
Is 6 a factor of 3622224?
True
Is 214 a factor of 122531?
False
Is 4 a factor of 31775?
False
Is 266478 a multiple of 14?
False
Does 172 divide 4095434?
False
Is 17 a factor of 180473?
False
Is 30 a factor of 21144357?
False
Does 486 divide 20447478?
True
Does 70 divide 1146600?
True
Does 94 divide 229266?
True
Is 8249 a multiple of 113?
True
Is 30 a factor of 3868357?
False
Is 332 a factor of 8622397?
False
Is 874448 a multiple of 248?
True
Does 8 divide 6064?
True
Is 14 a factor of 734135?
False
Is 12 a factor of 2395865?
False
Is 73504 a multiple of 42?
False
Does 812 divide 1563912?
True
Is 20475 a multiple of 3?
True
Is 17 a factor of 1035351?
True
Is 9878 a multiple of 13?
False
Does 17 divide 9084273?
True
Is 121176 a multiple of 68?
True
Does 118 divide 433717?
False
Does 4 divide 101421?
False
Is 63 a factor of 125779?
False
Is 31 a factor of 432846?
False
Is 5637402 a multiple of 189?
False
Does 36 divide 2843768?
False
Is 533 a factor of 4159861?
False
Does 60 divide 12840?
True
Is 1339160 a multiple of 10?
True
Is 27088 even?
True
Does 361 divide 590596?
True
Is 10 a factor of 256488?
False
Is 200 a factor of 3076000?
True
Is 31464 a multiple of 46?
True
Is 3145071 a multiple of 20?
False
Is 386 a factor of 14455700?
True
Is 48357 a multiple of 30?
False
Is 148 a factor of 2889700?
True
Does 21 divide 10997238?
True
Is 847859 a multiple of 87?
False
Does 241 divide 79367?
False
Is 57 a factor of 8479715?
False
Does 185 divide 1294544?
False
Is 73 a factor of 47596?
True
Does 761 divide 12484205?
True
Is 295596 a multiple of 36?
True
Is 939 a factor of 899562?
True
Does 18 divide 372420?
